ose -o + t + t = -433, o + 5*t - 398 = 0. Suppose -2*j + 3*c = -299, 4*c + 0*c = -3*j + o. Suppose 5*y - j = -2*g + 302, -5*g = y - 71. Is y a prime number?
False
Let d(z) be the third derivative of -1/10*z**5 + 0*z + 12*z**2 + 0 + 1/15*z**6 + 1/12*z**4 - 5/6*z**3. Is d(4) a prime number?
True
Let w = -22 + 31. Let n(s) = s**3 - 8*s**2 + 6. Is n(w) prime?
False
Suppose -1082 = -0*n - 2*n. Suppose 0 = -21*g + 20*g + n. Is g prime?
True
Let h be 44/198 + 68/18. Suppose -3*u - 4 = -p, 7*u - 2*p = 3*u - 8. Suppose -h*v = -u*v - 596. Is v a prime number?
True
Suppose 3*s = 2*w + 14737 + 5944, 3*s - 4*w = 20677. Suppose -p + s = 4*p. Is p a composite number?
True
Let v(j) = 130*j**2 + 3*j + 7. Is v(4) a prime number?
True
Let z(a) = 5*a**2 - 17*a + 7. Let u(o) = -4*o**2 + 16*o - 7. Let k(x) = -4*u(x) - 3*z(x). Let f be k(13). Is f + -4 + -1 + 329 a composite number?
False
Suppose -2*z = -g - 6 - 10, 4*z - 40 = -2*g. Let r be -10 + z - (-170 - -1). Suppose r + 622 = 5*o. Is o a prime number?
False
Suppose 0 = -5*l + 5*o + 30, -4*o = 4*l - 0*o - 8. Let d(g) = 5*g**3 + g**2 - g - 3. Is d(l) a composite number?
True
Let v(w) = -w**3 + 10*w**2 + 10*w + 9. Let q be v(11). Let h(t) = 19*t + 1. Let r(n) = -n. Let u(j) = -h(j) + 3*r(j). Is u(q) prime?
True
Suppose -4*f = -2*t + 19070 + 2016, -2*t + 21081 = f. Is t composite?
True
Let l be (-836)/(-14) - 14/(-49). Let n = l + -25. Let x = n - 1. Is x a prime number?
False
Suppose -2*f - 19 = -3*y, 2*f + 2 = -3*y + 1. Let x = y - -164. Let z = 234 - x. Is z composite?
False
Let t(f) = f**2 - 3*f. Let d be t(-4). Let h = d - 28. Suppose 0*w = j - 3*w - 1160, -j + 5*w + 1158 = h. Is j a composite number?
False
Suppose -2*a = 2*a - 5*r - 1, 4*a + 2*r - 22 = 0. Let x(t) = -13*t**2 + 5*t + 3. Let d be x(a). Let k = d - -282. Is k a composite number?
False
Let c(f) = -5*f - 2*f**2 + 8 - 4 + 4*f**2. Let a = 493 + -498. Is c(a) prime?
True
Let t(d) = d**3 + 4*d**2 + d - 4. Let g be t(-2). Suppose 3*k - 4044 = y + g*y, 4*k - 5371 = -3*y. Is k a prime number?
False
Suppose 0 = -16*p + 20*p - 684. Let v = 248 - p. Is v prime?
False
Suppose 45*i = 29*i + 716336. Is i a composite number?
False
Suppose 30 = -17*o + 32*o. Let h(s) = s**2 + s. Let k(x) = 57*x**2 + x - 3. Let c(t) = -2*h(t) + k(t). Is c(o) a composite number?
True
Suppose g + 5*p = 2788 + 30030, 0 = -3*p - 15. Is g prime?
True
Let p(w) = w**3 + 10*w**2 + 2. Let r be p(-10). Suppose 5*l - 961 = -r*a, -3*a = 5*l + 2*a - 970. Is l prime?
True
Suppose -10*h + 8*h + 6 = 0. Suppose 0*f + f = -h*o + 395, o = 0. Is f composite?
True
Let f(k) = -12*k + 11. Suppose -5*w + 0 = -2*i + 2, -8 = 4*w. Is f(i) a prime number?
True
Let j(h) = 144*h + 353. Is j(23) a composite number?
True
Let x(h) = -h**2 + 2*h - 1. Let c be x(1). Let u be (-34 - 4)*(-5 - c). Suppose -2*d + u = -40. Is d a prime number?
False
Let l be 1 + 1382/(-14) + (-2)/7. Let y = l - -405. Is y composite?
False
Let d = -944 + 1792. Let v = d + -471. Is v prime?
False
Let h(z) = -4*z - 3. Let x be h(-2). Suppose 2*b = x*b - 516. Is (-14)/(-2)*b/14 composite?
True
Suppose 5*b + 18 = 38. Suppose -b*x + 2*x + 1642 = 0. Is x a prime number?
True
Suppose -240*f + 239*f = -8501. Is f composite?
False
Is (-40)/(-10) + (-230 + 1)*-3 prime?
True
Let j(z) = -23*z - 2. Let x be j(-1). Is (922/(-3))/(2/x)*-1 composite?
True
Is 20/5*-1 - -1*18993 prime?
False
Is 14387/2*(50 - 48) prime?
True
Is ((-13)/(91/(-14)))/((-2)/(-38501)) a prime number?
True
Let r = -16208 - -42417. Is r a composite number?
False
Let o(b) = 100*b**3 - 3*b**2 + 14*b - 25. Is o(2) a composite number?
True
Suppose -5*q = 25, -a - 3*q = -4*q - 9. Suppose a*b + 0*b - 2*y - 8 = 0, b + 3*y + 12 = 0. Suppose -5*w = -b*w - 230. Is w a composite number?
True
Suppose 0 = 5*m + 4*y + 7, -5*m - 23 = -0*m - 4*y. Let l be (-2)/(m/((-819)/6)). Let p = l + 200. Is p a prime number?
True
Let u = 57554 + 4829. Is u a prime number?
True
Suppose 0 = -2*w + 2*r - 4*r + 4, -w + 5*r - 10 = 0. Suppose 930 = 3*h + 5*g, -h - 3*g + 314 = -0*h. Suppose a - h = -w*a. Is a prime?
False
Is ((-18)/54)/((-2)/15564) a prime number?
False
Let k(q) = 6*q**2. Let h be k(-1). Let i be (2 + h/(-5))*-5. Let m(a) = -2*a**3 - a**2 + 6*a + 1. Is m(i) a prime number?
True
Let n(t) = 103*t + 222. Is n(4) composite?
True
Is 993214/129*(-6)/(-4) a composite number?
False
Let p = 15 - -638. Suppose 5*k - p = -4*h + h, 3*h - 4*k = 617. Is h composite?
False
Suppose q + 7*t = 5*q - 2882, -2*t - 4 = 0. Is q prime?
False
Let s(c) = -50*c**3 - c**2 - c - 1. Suppose -4*t - 2*p - 7 + 1 = 0, 4*t = -5*p - 3. Let f be t/((-6)/9*-3). Is s(f) a composite number?
True
Suppose 0*p - 2460 = -5*p. Suppose -m = m + p. Let x = m + 539. Is x prime?
True
Suppose 52*r = 22*r + 195450. Is r a prime number?
False
Let j = -10753 + 26480. Is j a composite number?
False
Let d = -21 + 37. Let i be (-6)/d - (-140)/32. Suppose -i*b = -426 - 602. Is b a prime number?
True
Let d = 187222 + -95787. Is d a composite number?
True
Suppose -3*x - 3*i + 12514 + 11207 = 0, 15814 = 2*x - 6*i. Is x composite?
False
Is (7/((-7)/(-2)) - 13013)*-1 a prime number?
False
Let r be ((-11)/22)/((-2)/(-40)*1). Let k(p) = 9*p**2 - 15*p - 23. Is k(r) prime?
False
Let a = -3 + 9. Let n(w) be the first derivative of -w**4/4 + 8*w**3/3 - w**2 + 2*w - 5. Is n(a) a composite number?
True
Let v(n) = n**3 + n**2 + n + 2. Let x be v(0). Suppose 3*g - 5*t - x = 30, -t = 1. Suppose 33 = g*m - 6*m. Is m prime?
True
Suppose 5 = 5*a - 4*a. Let u = a + -5. Suppose 4*o = -k + 3*o + 60, u = k + 5*o - 80. Is k a prime number?
False
Let b be (-8)/6 + 2/6. Is (-1409 - 0*3/9)/b a composite number?
False
Let y(q) = -50*q - 1223. Is y(-83) composite?
False
Let b(j) = j**2 - 5*j - 9. Let a = -9 + 16. Let k be b(a). Suppose -y + 1317 = 5*r, -k + 1 = -2*y. Is r prime?
True
Suppose 5*j - 526 = -2*o, -6*j + 789 = 3*o - j. Is o composite?
False
Let v = 1962 - 1347. Suppose -2*z + v = -5*m, 2*z + 3*m = 5*z - 918. Is z prime?
False
Suppose -5284 = -6*k + 2882. Is k a composite number?
False
Let n(q) = -q**3 - 9*q**2 + 17*q - 12. Suppose 3*f = 6*f + 39. Is n(f) composite?
False
Is 928*5 + -5 - 4/2 a composite number?
True
Let v(g) = -14 + 7*g + 4*g**2 + 6 + 6 - g**3. Let x be v(5). Suppose 5*i + 44 + x = l, 4*l - 2*i = 190. Is l a composite number?
False
Let h(b) = b**2 + 8*b + 2. Let f be h(-7). Let g = f - -9. Suppose u = -g*u + 30. Is u a prime number?
False
Let u = 40 - 14. Let n = u + -26. Suppose n = -4*p - 3*g + 2707, -3*g = 5*p - 2747 - 639. Is p a composite number?
True
Let h be (-4629)/(-1)*7/(42/10). Suppose 12*l + h = 17*l. Is l a prime number?
True
Suppose -10 = z - 6*z, b + 4*z = 11. Is -1 + (b + -1 - -700) composite?
False
Let i(n) = -39*n - 67. Is i(-16) a composite number?
False
Suppose 2654 = -5*t + t + 2*a, -2*t - 2*a - 1342 = 0. Let n = t - -431. Is (n/(-10))/(1/14) a prime number?
False
Suppose 4*v + 213 - 81 = 0. Let o(t) = 16*t**2 - 5*t + 1. Let a be o(5). Let w = a - v. Is w composite?
False
Suppose 0*g + 14*g - 19334 = 0. Is g prime?
True
Suppose 3*k + 3*k - 109578 = 0. Is k composite?
True
Let t be 4*(-4)/4*-2. Let y = t - 3. Suppose 5*m = -2*f + 708, y*f - 137 = -m - 0*f. Is m composite?
True
Suppose 0 = -3*l - 0*o - 4*o - 1697, -3*l = -3*o + 1662. Let u = 968 + l. Is u a prime number?
True
Suppose 0 = -0*v - 2*v + 20. Let m = 181 - v. Suppose -23 = 2*f - m. Is f a composite number?
True
Let w be 3*-2*1/(-3). Suppose -5 = -y, -3*y = -w*z - 235 - 714. Let n = -96 - z. Is n a composite number?
True
Let k = -4850 - -2194. Let z = k + 5749. Is z composite?
True
Let b = 1 - -3. Suppose 15*x - 17*x + b = 0. Suppose -32 = -x*j + 30. Is j prime?
True
Suppose y + 4*i = -6, 3*y + 2*i = -7 - 11. Is (1 - (-4)/y)/(1/2613) a prime number?
False
Suppose -2*u - p = -0 - 5, -u + 25 = -4*p. Suppose -3*h + 1768 = z, 2*z - u*z - 5*h + 5292 = 0. Is z composite?
False
Suppose 4*v = 5*p + 3463, -2*v + 1080 = 5*p - 659. Suppose -4*n + 0*n = 5*h - 3533, -n + v = -2*h. Is n composite?
False
Suppose -4*y = 4*q - 20, 2*q = -0*y + 5*y - 11. Let b = -940 + 2433. Is b/y - (-18)/(-27) prime?
False
Let x(u) = -u + 5. Let v be x(-5). Suppose -y + v - 4 = 0. Is 304/y - (-2)/6 a prime number?
False
Suppose 26*i + 124 - 23186 = 0. Is i a prime number?
True
Suppose -5*g - 254 = 3*